et n = w + 32. What is the units digit of (n/10)/(2/(-12))?
5
Suppose -15*b - 3565 = -20*b. What is the hundreds digit of b?
7
Let p = 3767 - 1827. What is the tens digit of p?
4
Suppose -5*w = -6 + 21. Let r(a) = -a**3 - a**2 + 2*a. What is the tens digit of r(w)?
1
Let u(h) be the second derivative of -h**3/6 - 13*h**2/2 - 14*h. What is the units digit of u(-17)?
4
Let q(x) = x**3 - 11*x**2 - 5*x - 2. Let b(v) = -v**2 - 11*v - 16. Let l be b(-7). Let w be q(l). Suppose -n = n - w. What is the tens digit of n?
4
Let b = 186 + -111. Suppose b = 7*p - 4*p. What is the tens digit of p?
2
Let u(f) = 38*f**2 + 5*f - 12. What is the tens digit of u(3)?
4
Suppose 0 = -b + 2*k + 15, 0 = 3*b + 2*k - 0*k - 5. Let o(w) = -w**3 - 12*w**2 - 11*w + 22. Let i be o(-11). Let h = i - b. What is the units digit of h?
7
Let k = 4 + -12. Let s be 58/k - (-3)/(-4). Let u = s - -26. What is the tens digit of u?
1
Let i be ((-1)/4)/(10/(-120)). Suppose -4*x = -3*n + 521, -i*n - 336 = -5*n - 3*x. What is the units digit of n?
1
Let x(u) = 16*u + 18. Let p be x(-1). Suppose -16 + 4 = -4*y. Suppose -p*f = -75 + y. What is the units digit of f?
6
Suppose 0 = 4*b - 12, z + 4*b = 6*z + 7. Let h(a) = a**2 - 2*a + 2. Let c be h(z). Suppose 4*f - 15 = c. What is the units digit of f?
4
Let l be -1*(1 - (-4 + 8)). Let g be l*3 + 6 + -10. Suppose g*t = -4*u + 165, -3*t - 80 - 45 = -4*u. What is the units digit of u?
5
Let z(y) be the third derivative of y**4/24 + y**3/2 + 7*y**2. Let w be z(2). Suppose 0*n + 4*n - 3*t - 148 = 0, w*n + t = 166. What is the units digit of n?
4
Let x(d) = d**3 - 30*d**2 - 54*d + 257. What is the hundreds digit of x(34)?
0
Let z(t) = t**3 - t**2 + 4*t + 6. Let m be z(3). Suppose -m = -o + 26. What is the units digit of o?
2
Let h be (4/12)/(2/24). Suppose 0 = w - 0*o + h*o - 54, 5*w - 300 = -5*o. What is the tens digit of w?
6
Let w be -4*((-20)/(-8))/(-5). Suppose w*l = 8, -3*c - 2*l - 3*l = -62. What is the units digit of c?
4
Let r(m) = 2*m**2 - m - 3. Let j be r(3). Let t = -7 + j. Let k(q) = q + 1. What is the units digit of k(t)?
6
Suppose 5*f - 8*f = -9. Suppose 4*g - 3 = 9. Suppose -2*c - g*u = -47, f = 2*u - 3. What is the tens digit of c?
1
Let j be ((-21)/14)/((-2)/(-84)). Let w = j - -151. What is the units digit of w?
8
Let h(y) = y**3 + 7*y**2 + 4*y - 10. Let n be h(-6). Suppose 2*z = -n*z + 136. What is the units digit of z?
4
Suppose -4*o - 2*b = -6344, o - 4*b = -2*b + 1596. What is the units digit of o?
8
Let w = -2 - -2. Let a(c) = 31 - 3*c**2 - 137*c - 135*c + 4*c**2 + 271*c. What is the units digit of a(w)?
1
Suppose 0 = -8*b + 4*b + 804. Suppose 0*j - 3*j = -b. What is the tens digit of j?
6
Suppose 9*x = 2*x. Suppose -2*a + x = -10, -3*a = -4*y + 133. What is the units digit of y?
7
Let m(a) = 36*a**3 - 4*a**2 + 14*a - 3. What is the hundreds digit of m(3)?
9
Suppose 9*p + 5 = 14*p. Let c(y) = 14*y + 1. Let m be c(p). Let k = m - 1. What is the units digit of k?
4
Let c be (16/(-12))/(-2)*21. Let k(y) = 10*y - 35. What is the units digit of k(c)?
5
Let j(c) = -c**3 + 2*c**2 + 2*c - 2. Let x be j(-2). Suppose -x - 2 = -3*v. Suppose v*y - 35 = 57. What is the tens digit of y?
2
Let l = -1897 + 2358. What is the units digit of l?
1
Let s = 1102 - 460. What is the units digit of s?
2
Suppose 2*s + 6 = 0, s - 33 = 2*a - 4*a. What is the tens digit of (-3)/(a/(-381)) - 3/(-2)?
6
Let v be 1/(36/8 - 4). What is the units digit of (v/1 + -4)*(-36 - -11)?
0
Suppose 134*h - 15 = 139*h, -2*h - 13686 = -3*j. What is the units digit of j?
0
Suppose 11*q = 8*q - 7614. What is the units digit of (q/(-72))/(3/8)?
4
Suppose -2*b - l = 3*l - 1412, -2*l - 4 = 0. What is the units digit of b?
0
Let p(x) = x**3 + 6*x**2 + 2*x - 3. Suppose 24 = 4*c - 4*u, 5*u = -c - 7 + 37. Suppose 2*d = 4*d + c. What is the tens digit of p(d)?
1
Suppose 862 = 36*a - 1982. What is the tens digit of a?
7
Suppose w = 18*r - 15*r - 5944, 5*r - 5*w - 9910 = 0. What is the thousands digit of r?
1
Let b be 9 - 2 - 24/(-6). Let x = b + 6. What is the units digit of x?
7
Let f(s) = -s**2 + s + 1. Suppose 0 = 3*g - 6*g. Let r be f(g). What is the units digit of 54/3 + 2/r?
0
Let r = 2769 - 1662. What is the thousands digit of r?
1
Let l = -1051 - -1535. Suppose -l = -4*b - 120. What is the tens digit of b?
9
Let k(h) = 13*h + 6*h + 2*h**2 - 21*h + 78*h**3 + 1. What is the tens digit of k(1)?
7
Suppose 5214 = -7*t + 13*t. What is the hundreds digit of t?
8
Let d = -10 + 15. Suppose 3*o + z - 4 = -2*o, -3*z = 2*o - 12. Suppose 3*r = d*t - 0*r - 118, 3*t - 4*r - 62 = o. What is the units digit of t?
6
Let x = 98 + -91. What is the units digit of x?
7
Suppose 5*x - 23940 = -y, 2*y = 5*x + 2269 - 26194. What is the tens digit of x?
8
Let d = -2776 - -4885. What is the tens digit of d?
0
Let m(k) = -17*k**2 + 29*k + 21. Let q(z) = -6*z**2 + 10*z + 7. Let s(a) = -4*m(a) + 11*q(a). What is the tens digit of s(5)?
1
Let u(c) = -55*c + 15. What is the units digit of u(-2)?
5
Let u(v) = v**3 + 17*v**2 + 14*v + 15. What is the hundreds digit of u(-8)?
4
Suppose 3*j + 0*w + 5*w - 15 = 0, 0 = j + 5*w - 15. Suppose -6*v = -j*v - 378. What is the tens digit of v?
6
Let c = 15767 - 11144. Suppose -14*d + c = 801. What is the tens digit of d?
7
Suppose -228 = 3*w + 3*g - 879, 3*w - 4*g = 672. What is the hundreds digit of w?
2
Let m be 4/((-8)/46)*(0 - 51). Suppose -7*d + 360 = -m. What is the hundreds digit of d?
2
Let f(q) = -q**3 + 18*q**2 - 2*q + 11. What is the tens digit of f(-7)?
5
Suppose -5*o + 3*a - 118 = 576, 2*o + a = -282. Let q = -89 - o. What is the tens digit of q?
5
Let f(k) = -k**2 + 85*k + 6. What is the units digit of f(35)?
6
Let o(s) = 10*s + 31 + 5 + 0*s. What is the tens digit of o(11)?
4
Let i = 3 - -1. Suppose -48 = -i*f + 68. What is the tens digit of f?
2
Suppose -133 = -3*o + 41. Let h = 97 - o. What is the units digit of h?
9
Let o be 1 - 2/3*-6. Suppose o*i = 78 + 7. What is the units digit of i?
7
Let p = -603 - -1090. What is the units digit of p?
7
Suppose v - 2*v + 21 = 0. Suppose -2*p + 3*y - 27 = -0*p, -4*y + v = -p. What is the units digit of 3/p - (-20)/6?
3
Let w be (-8)/14 - 32/(-7). Suppose 0 = 3*v - 0*n - n - 400, 0 = -w*v - 3*n + 542. What is the hundreds digit of v?
1
Let h = 299 + -269. What is the units digit of h?
0
Suppose 1 = -2*a + 19. Let b(q) = -2*q + 3. Let h be b(2). Let n = a - h. What is the tens digit of n?
1
Suppose -2*r + 2*c - 6*c = -138, -8 = -2*c. Let s = 107 - r. What is the tens digit of s?
4
Suppose 469 = -3*x - 4*k, -5*k - 260 - 213 = 3*x. Let c = 305 + x. What is the units digit of c?
4
What is the hundreds digit of 74/((3/(-5))/(135/(-150)))?
1
Let u(p) = p**3 - 6*p**2 + 2*p - 1. Let l be u(6). What is the units digit of 42 + l - ((0 - 0) + 2)?
1
Let v(y) be the first derivative of 7*y**2/2 - 8*y - 5. What is the tens digit of v(6)?
3
Suppose -10*w = -4*w - 2340. What is the tens digit of 1/(1 - w/396)?
6
Suppose n - 1358 = -f, 13*n = -f + 14*n + 1352. What is the units digit of f?
5
Let j = 10384 - 4362. What is the tens digit of j?
2
Let p = -264 + 811. What is the units digit of p?
7
What is the tens digit of (2/(-6))/((-3)/5841)?
4
Suppose 19*h + 50977 - 134425 = 0. What is the thousands digit of h?
4
Suppose 2*k - 2*i - 30 = 0, 18 = 2*k - 6*i + i. Suppose k*q = 8*q + 176. What is the units digit of q?
6
Let o be 77 + (-3)/2*-2. Suppose d + o = 5*h - 2*h, -h = d - 32. What is the tens digit of h?
2
Let m be (-3 + 0)/(-1) + 259. Suppose -86 = -3*q + m. What is the units digit of q?
6
Let s(n) be the third derivative of 1/6*n**3 + n**2 + 0 - 1/8*n**4 + 0*n. What is the tens digit of s(-10)?
3
Let q be 20/70 - (-12)/7. Let t(b) = -b - 18 + 15 - b**q - b**3 - 2*b**2. What is the tens digit of t(-4)?
1
Let c = -2835 - -5941. What is the thousands digit of c?
3
Let c(a) = 18*a - 3. Let p be (-99)/(-22)*(-4)/(-6). Let i be c(p). Suppose 3*m = g - i, -2*g = -6*g - 3*m + 129. What is the units digit of g?
6
Suppose -33880 = -37*x + 3120. What is the tens digit of x?
0
Suppose -2*c + 8 = -u - 39, 3*c - 4*u - 73 = 0. Suppose 5*m - c = -4*b + 6, 5*m + 5*b - 25 = 0. What is the units digit of m/27 - 8/(-3)?
3
Let u(v) = v**3 + 21*v**2 - 48. What is the units digit of u(-10)?
2
Suppose -r + 4 = -8. Suppose -r*y + 36 = -15*y. L